{"id":64,"date":"2020-08-26T05:54:17","date_gmt":"2020-08-26T05:54:17","guid":{"rendered":"https:\/\/www.devsnews.com\/wp\/bildpress\/?page_id=64"},"modified":"2023-06-22T14:15:10","modified_gmt":"2023-06-22T14:15:10","slug":"contact","status":"publish","type":"page","link":"https:\/\/www.dangeli.com.br\/?page_id=64","title":{"rendered":"Contato"},"content":{"rendered":"\t\t<div data-elementor-type=\"wp-page\" data-elementor-id=\"64\" class=\"elementor elementor-64\">\n\t\t\t\t\t\t\t\t\t<section class=\"elementor-section elementor-top-section elementor-element elementor-element-8cd356b elementor-section-full_width elementor-section-height-default elementor-section-height-default\" data-id=\"8cd356b\" data-element_type=\"section\" data-settings=\"{&quot;background_background&quot;:&quot;classic&quot;}\">\n\t\t\t\t\t\t<div class=\"elementor-container elementor-column-gap-no\">\n\t\t\t\t\t<div class=\"elementor-column elementor-col-100 elementor-top-column elementor-element elementor-element-495087f\" data-id=\"495087f\" data-element_type=\"column\">\n\t\t\t<div class=\"elementor-widget-wrap\">\n\t\t\t\t\t\t\t\t\t<\/div>\n\t\t<\/div>\n\t\t\t\t\t\t\t<\/div>\n\t\t<\/section>\n\t\t\t\t<section class=\"elementor-section elementor-top-section elementor-element elementor-element-169614c elementor-section-full_width elementor-section-height-default elementor-section-height-default\" data-id=\"169614c\" data-element_type=\"section\" data-settings=\"{&quot;background_background&quot;:&quot;classic&quot;}\">\n\t\t\t\t\t\t<div class=\"elementor-container elementor-column-gap-no\">\n\t\t\t\t\t<div class=\"elementor-column elementor-col-100 elementor-top-column elementor-element elementor-element-34ecfd4\" data-id=\"34ecfd4\" data-element_type=\"column\">\n\t\t\t<div class=\"elementor-widget-wrap elementor-element-populated\">\n\t\t\t\t\t\t\t\t<section class=\"elementor-section elementor-inner-section elementor-element elementor-element-ac58e18 elementor-section-boxed elementor-section-height-default elementor-section-height-default\" data-id=\"ac58e18\" data-element_type=\"section\">\n\t\t\t\t\t\t<div class=\"elementor-container elementor-column-gap-default\">\n\t\t\t\t\t<div class=\"elementor-column elementor-col-100 elementor-inner-column elementor-element elementor-element-87b4629\" data-id=\"87b4629\" data-element_type=\"column\">\n\t\t\t<div class=\"elementor-widget-wrap elementor-element-populated\">\n\t\t\t\t\t\t\t\t<div class=\"elementor-element elementor-element-8a44709 elementor-widget elementor-widget-heading bdevs-el heading\" data-id=\"8a44709\" data-element_type=\"widget\" data-settings=\"{&quot;design_style&quot;:&quot;style_1&quot;}\" data-widget_type=\"heading.default\">\n\t\t\t\t<div class=\"elementor-widget-container\">\n\t\t\t<style>\/*! elementor - v3.6.7 - 03-07-2022 *\/\n.elementor-heading-title{padding:0;margin:0;line-height:1}.elementor-widget-heading .elementor-heading-title[class*=elementor-size-]>a{color:inherit;font-size:inherit;line-height:inherit}.elementor-widget-heading .elementor-heading-title.elementor-size-small{font-size:15px}.elementor-widget-heading .elementor-heading-title.elementor-size-medium{font-size:19px}.elementor-widget-heading .elementor-heading-title.elementor-size-large{font-size:29px}.elementor-widget-heading .elementor-heading-title.elementor-size-xl{font-size:39px}.elementor-widget-heading .elementor-heading-title.elementor-size-xxl{font-size:59px}<\/style>\n                <div class=\"container\">\n            <div class=\"row\">\n                <div class=\"col-12\">\n                    <div class=\"title_style1 position-relative bdevs-el-content\">\n                                                          <h5 class=\"sub-title bdevs-el-subtitle\">Nossa equipe responder\u00e1 em breve<\/h5>\n                        \n                        <h2 class=\"section-title bdevs-el-title\">Fa\u00e7a um Contato!<\/h2>                        \n                                            <\/div>\n                <\/div>\n            <\/div>\n        <\/div>\n\n\n        \n        \n        \t\t<\/div>\n\t\t\t\t<\/div>\n\t\t\t\t\t<\/div>\n\t\t<\/div>\n\t\t\t\t\t\t\t<\/div>\n\t\t<\/section>\n\t\t\t\t<div class=\"elementor-element elementor-element-ed2f449 elementor-widget elementor-widget-contact_info bdevs-el contact_info\" data-id=\"ed2f449\" data-element_type=\"widget\" data-widget_type=\"contact_info.default\">\n\t\t\t\t<div class=\"elementor-widget-container\">\n\t\t\t\n        <section class=\"contact1\">\n            <div class=\"container\">\n                <div class=\"row\">\n                    <div class=\"col-xl-5 col-lg-6\">\n                        <div class=\"contact1__wrapper\">\n                            <div class=\"title_style1\">\n                                                                    <h5 class=\"sub-title\">Fale conosco<\/h5>\n                                \n                                <h2 >Tem um Projeto?<\/h2>                                \n                                                            <\/div>\n                            <div class=\"contact_list__wrapper\">\n                                                                <div class=\"contact1__item border-bottom-widget pb-35 mt-40\">\n                                    <div class=\"contact1__thumb\">\n                                                                                <figure>\n                                            <i aria-hidden=\"true\" class=\"fal fa-envelope\"><\/i>                                        <\/figure>\n                                                                            <\/div>\n                                    <div class=\"contact1__content\">\n                                        <h4>Email<\/h4>\n                                        <p>\n                                            dangeli@dangeli.com.br\n                                        <\/p>\n                                    <\/div>\n                                <\/div>\n                                                                <div class=\"contact1__item border-bottom-widget pb-35 mt-40\">\n                                    <div class=\"contact1__thumb\">\n                                                                                <figure>\n                                            <i aria-hidden=\"true\" class=\"fal fa-phone\"><\/i>                                        <\/figure>\n                                                                            <\/div>\n                                    <div class=\"contact1__content\">\n                                        <h4>Telefone<\/h4>\n                                        <p>\n                                            WhatsApp: (21) 96898-0135 \n(21) 3694-8410<br>(21) 3694-8633                                        <\/p>\n                                    <\/div>\n                                <\/div>\n                                                                <div class=\"contact1__item border-bottom-widget pb-35 mt-40\">\n                                    <div class=\"contact1__thumb\">\n                                                                                <figure>\n                                            <i aria-hidden=\"true\" class=\"fal fa-map-marked-alt\"><\/i>                                        <\/figure>\n                                                                            <\/div>\n                                    <div class=\"contact1__content\">\n                                        <h4>Endere\u00e7o<\/h4>\n                                        <p>\n                                            Rua 4 lote 4 quadra 18 l Ch\u00e1caras de Ino\u00e3\n<br>\nMaric\u00e1 | Rio de Janeiro                                        <\/p>\n                                    <\/div>\n                                <\/div>\n                                                            <\/div>\n                        <\/div>\n                    <\/div>\n                    <div class=\"col-xl-7 col-lg-6\">\n                        <div class=\"contact1__map\">\n                                <iframe src=\"https:\/\/maps.google.com\/maps?q=dangeli+engenharia&amp;t=m&amp;z=15&amp;output=embed&amp;iwloc=near\"><\/iframe>                        <\/div>\n                    <\/div>\n                <\/div>\n            <\/div>\n        <\/section>\n\n        \t\t<\/div>\n\t\t\t\t<\/div>\n\t\t\t\t<div class=\"elementor-element elementor-element-7876cfe elementor-widget elementor-widget-cf7 bdevs-el cf7\" data-id=\"7876cfe\" data-element_type=\"widget\" data-settings=\"{&quot;design_style&quot;:&quot;style_1&quot;}\" data-widget_type=\"cf7.default\">\n\t\t\t\t<div class=\"elementor-widget-container\">\n\t\t\t        \n        <div class=\"contact_page1\">\n            <div class=\"counter1__wrapper position-relative\">\n                <div class=\"container\">\n                    <div class=\"row\">\n                        <div class=\"col-lg-12\">\n                            <div class=\"contact_page1__form\">\n                                <div role=\"form\" class=\"wpcf7\" id=\"wpcf7-f681-o1\" lang=\"en-US\" dir=\"ltr\">\n<div class=\"screen-reader-response\"><p role=\"status\" aria-live=\"polite\" aria-atomic=\"true\"><\/p> <ul><\/ul><\/div>\n<form action=\"\/index.php?rest_route=%2Fwp%2Fv2%2Fpages%2F64#wpcf7-f681-o1\" method=\"post\" class=\"wpcf7-form init bdevs-cf7-form\" novalidate=\"novalidate\" data-status=\"init\">\n<div style=\"display: none;\">\n<input type=\"hidden\" name=\"_wpcf7\" value=\"681\" \/>\n<input type=\"hidden\" name=\"_wpcf7_version\" value=\"5.6\" \/>\n<input type=\"hidden\" name=\"_wpcf7_locale\" value=\"en_US\" \/>\n<input type=\"hidden\" name=\"_wpcf7_unit_tag\" value=\"wpcf7-f681-o1\" \/>\n<input type=\"hidden\" name=\"_wpcf7_container_post\" value=\"0\" \/>\n<input type=\"hidden\" name=\"_wpcf7_posted_data_hash\" value=\"\" \/>\n<\/div>\n<div class=\"row mb-30\">\n<div class=\"col-xl-6\">\n<div class=\"contact_page1__item\"><span class=\"wpcf7-form-control-wrap\" data-name=\"text-190\"><input type=\"text\" name=\"text-190\" value=\"\" size=\"40\" class=\"wpcf7-form-control wpcf7-text form-control\" aria-invalid=\"false\" placeholder=\"Seu Nome\" \/><\/span><i class=\"far fa-user\"><\/i><\/div>\n<\/div>\n<div class=\"col-xl-6\">\n<div class=\"contact_page1__item\"><span class=\"wpcf7-form-control-wrap\" data-name=\"y-email\"><input type=\"email\" name=\"y-email\" value=\"\" size=\"40\" class=\"wpcf7-form-control wpcf7-text wpcf7-email wpcf7-validates-as-email form-control\" aria-invalid=\"false\" placeholder=\"Email\" \/><\/span><i class=\"far fa-envelope\"><\/i><\/div>\n<\/div>\n<div class=\"col-xl-12 text-center\">\n<div class=\"contact_page1__item contact_page1__textarea\"><span class=\"wpcf7-form-control-wrap\" data-name=\"y-message\"><textarea name=\"y-message\" cols=\"40\" rows=\"10\" class=\"wpcf7-form-control wpcf7-textarea form-control\" aria-invalid=\"false\" placeholder=\"Mensagem\"><\/textarea><\/span><i class=\"far fa-edit\"><\/i><\/div>\n<p><input type=\"submit\" value=\"Enviar\" class=\"wpcf7-form-control has-spinner wpcf7-submit site__btn1\" \/><\/p><\/div>\n<\/div>\n<div class=\"wpcf7-response-output\" aria-hidden=\"true\"><\/div><\/form><\/div> \n                            <\/div>\n                        <\/div>\n                    <\/div>\n                <\/div>\n            <\/div>\n        <\/div>\n\n          \n\n        \t\t<\/div>\n\t\t\t\t<\/div>\n\t\t\t\t\t<\/div>\n\t\t<\/div>\n\t\t\t\t\t\t\t<\/div>\n\t\t<\/section>\n\t\t\t\t\t\t\t<\/div>\n\t\t","protected":false},"excerpt":{"rendered":"<p>Nossa equipe responder\u00e1 em breve Fa\u00e7a um Contato! Fale conosco Tem um Projeto? Email dangeli@dangeli.com.br Telefone WhatsApp: (21) 96898-0135 (21) 3694-8410(21) 3694-8633 Endere\u00e7o Rua 4 lote 4 quadra 18 l Ch\u00e1caras de Ino\u00e3 Maric\u00e1 | Rio de Janeiro<\/p>\n","protected":false},"author":1,"featured_media":0,"parent":0,"menu_order":0,"comment_status":"closed","ping_status":"closed","template":"elementor_header_footer","meta":{"_monsterinsights_skip_tracking":false,"_monsterinsights_sitenote_active":false,"_monsterinsights_sitenote_note":"","_monsterinsights_sitenote_category":0},"acf":[],"_links":{"self":[{"href":"https:\/\/www.dangeli.com.br\/index.php?rest_route=\/wp\/v2\/pages\/64"}],"collection":[{"href":"https:\/\/www.dangeli.com.br\/index.php?rest_route=\/wp\/v2\/pages"}],"about":[{"href":"https:\/\/www.dangeli.com.br\/index.php?rest_route=\/wp\/v2\/types\/page"}],"author":[{"embeddable":true,"href":"https:\/\/www.dangeli.com.br\/index.php?rest_route=\/wp\/v2\/users\/1"}],"replies":[{"embeddable":true,"href":"https:\/\/www.dangeli.com.br\/index.php?rest_route=%2Fwp%2Fv2%2Fcomments&post=64"}],"version-history":[{"count":30,"href":"https:\/\/www.dangeli.com.br\/index.php?rest_route=\/wp\/v2\/pages\/64\/revisions"}],"predecessor-version":[{"id":2983,"href":"https:\/\/www.dangeli.com.br\/index.php?rest_route=\/wp\/v2\/pages\/64\/revisions\/2983"}],"wp:attachment":[{"href":"https:\/\/www.dangeli.com.br\/index.php?rest_route=%2Fwp%2Fv2%2Fmedia&parent=64"}],"curies":[{"name":"wp","href":"https:\/\/api.w.org\/{rel}","templated":true}]}}