{"id":318,"date":"2015-04-02T09:53:07","date_gmt":"2015-04-02T09:53:07","guid":{"rendered":"http:\/\/bestbuild.stylemixthemes.com\/demo\/?page_id=318"},"modified":"2022-07-14T13:21:43","modified_gmt":"2022-07-14T13:21:43","slug":"our-services","status":"publish","type":"page","link":"https:\/\/www.dangeli.com.br\/?page_id=318","title":{"rendered":"Servi\u00e7os"},"content":{"rendered":"\t\t<div data-elementor-type=\"wp-page\" data-elementor-id=\"318\" class=\"elementor elementor-318\">\n\t\t\t\t\t\t\t\t\t<section class=\"elementor-section elementor-top-section elementor-element elementor-element-2bb1b27e elementor-section-boxed elementor-section-height-default elementor-section-height-default\" data-id=\"2bb1b27e\" data-element_type=\"section\">\n\t\t\t\t\t\t<div class=\"elementor-container elementor-column-gap-default\">\n\t\t\t\t\t<div class=\"elementor-column elementor-col-100 elementor-top-column elementor-element elementor-element-6a51a720\" data-id=\"6a51a720\" data-element_type=\"column\">\n\t\t\t<div class=\"elementor-widget-wrap elementor-element-populated\">\n\t\t\t\t\t\t\t\t<div class=\"elementor-element elementor-element-4e58af4d elementor-widget elementor-widget-text-editor\" data-id=\"4e58af4d\" data-element_type=\"widget\" data-widget_type=\"text-editor.default\">\n\t\t\t\t<div class=\"elementor-widget-container\">\n\t\t\t<style>\/*! elementor - v3.6.7 - 03-07-2022 *\/\n.elementor-widget-text-editor.elementor-drop-cap-view-stacked .elementor-drop-cap{background-color:#818a91;color:#fff}.elementor-widget-text-editor.elementor-drop-cap-view-framed .elementor-drop-cap{color:#818a91;border:3px solid;background-color:transparent}.elementor-widget-text-editor:not(.elementor-drop-cap-view-default) .elementor-drop-cap{margin-top:8px}.elementor-widget-text-editor:not(.elementor-drop-cap-view-default) .elementor-drop-cap-letter{width:1em;height:1em}.elementor-widget-text-editor .elementor-drop-cap{float:left;text-align:center;line-height:1;font-size:50px}.elementor-widget-text-editor .elementor-drop-cap-letter{display:inline-block}<\/style>\t\t\t\t<h2>Projeto Estrutural<\/h2><div><p>Executamos projetos em concreto armado e estruturas met\u00e1licas O projeto estrutural \u00e9 essencial para qualquer obra, funda\u00e7\u00e3o, pilares, vigas lajes e escadas. Uma boa estrutura \u00e9 aquela que atende aos crit\u00e9rios de seguran\u00e7a e economia e compatibilidade com a arquitetura.<\/p><\/div><div><h2>Assessoria T\u00e9cnica<\/h2><div>Atender as necessidades dos clientes, dos mais diversos servi\u00e7os como: projetos, execu\u00e7\u00e3o de obras, avalia\u00e7\u00f5es, lista de materiais bem como custos de mat\u00e9ria prima e m\u00e3o de obra, cronograma de obra e outros.<\/div><div>\u00a0<\/div><h2>Consultoria<\/h2><div><span style=\"color: #00235a;\">Melhor forma de reduzir custos e otimizar a constru\u00e7\u00e3o ou reforma.<\/span><\/div><div><p><span style=\"color: #00235a;\">\u00a0<\/span><\/p><\/div><h2>Laudos<\/h2><p>Ap\u00f3s uma avalia\u00e7\u00e3o geral, atrav\u00e9s de uma vistoria e parecer t\u00e9cnico, elabora-se o laudo t\u00e9cnico para reformas, constru\u00e7\u00f5es, acabamentos e patologias.<\/p><\/div>\t\t\t\t\t\t<\/div>\n\t\t\t\t<\/div>\n\t\t\t\t\t<\/div>\n\t\t<\/div>\n\t\t\t\t\t\t\t<\/div>\n\t\t<\/section>\n\t\t\t\t\t\t\t<\/div>\n\t\t","protected":false},"excerpt":{"rendered":"<p>Projeto Estrutural Executamos projetos em concreto armado e estruturas met\u00e1licas O projeto estrutural \u00e9 essencial para qualquer obra, funda\u00e7\u00e3o, pilares, vigas lajes e escadas. Uma boa estrutura \u00e9 aquela que atende aos crit\u00e9rios de seguran\u00e7a e economia e compatibilidade com a arquitetura. Assessoria T\u00e9cnica Atender as necessidades dos clientes, dos mais diversos servi\u00e7os como: projetos, [&hellip;]<\/p>\n","protected":false},"author":1,"featured_media":0,"parent":0,"menu_order":0,"comment_status":"closed","ping_status":"closed","template":"","meta":{"_monsterinsights_skip_tracking":false,"_monsterinsights_sitenote_active":false,"_monsterinsights_sitenote_note":"","_monsterinsights_sitenote_category":0},"acf":[],"_links":{"self":[{"href":"https:\/\/www.dangeli.com.br\/index.php?rest_route=\/wp\/v2\/pages\/318"}],"collection":[{"href":"https:\/\/www.dangeli.com.br\/index.php?rest_route=\/wp\/v2\/pages"}],"about":[{"href":"https:\/\/www.dangeli.com.br\/index.php?rest_route=\/wp\/v2\/types\/page"}],"author":[{"embeddable":true,"href":"https:\/\/www.dangeli.com.br\/index.php?rest_route=\/wp\/v2\/users\/1"}],"replies":[{"embeddable":true,"href":"https:\/\/www.dangeli.com.br\/index.php?rest_route=%2Fwp%2Fv2%2Fcomments&post=318"}],"version-history":[{"count":13,"href":"https:\/\/www.dangeli.com.br\/index.php?rest_route=\/wp\/v2\/pages\/318\/revisions"}],"predecessor-version":[{"id":2870,"href":"https:\/\/www.dangeli.com.br\/index.php?rest_route=\/wp\/v2\/pages\/318\/revisions\/2870"}],"wp:attachment":[{"href":"https:\/\/www.dangeli.com.br\/index.php?rest_route=%2Fwp%2Fv2%2Fmedia&parent=318"}],"curies":[{"name":"wp","href":"https:\/\/api.w.org\/{rel}","templated":true}]}}